{"id":23009,"date":"2024-12-06T20:21:18","date_gmt":"2024-12-06T20:21:18","guid":{"rendered":"https:\/\/www.tgmdigital.com\/capacitacion\/product\/modulo-2-botanica-y-sistematica\/"},"modified":"2025-04-28T17:04:10","modified_gmt":"2025-04-28T17:04:10","slug":"modulo-2-botanica-y-sistematica","status":"publish","type":"product","link":"https:\/\/www.tgmdigital.com\/capacitacion\/product\/modulo-2-botanica-y-sistematica\/","title":{"rendered":"M\u00f3dulo 2 &#8211; Bot\u00e1nica y sistem\u00e1tica"},"content":{"rendered":"","protected":false},"excerpt":{"rendered":"","protected":false},"featured_media":22267,"comment_status":"open","ping_status":"closed","template":"","meta":[],"product_brand":[],"product_cat":[72],"product_tag":[],"class_list":{"0":"post-23009","1":"product","2":"type-product","3":"status-publish","4":"has-post-thumbnail","6":"product_cat-uncategorized","8":"first","9":"instock","10":"virtual","11":"sold-individually","12":"taxable","13":"purchasable","14":"product-type-simple"},"_links":{"self":[{"href":"https:\/\/www.tgmdigital.com\/capacitacion\/wp-json\/wp\/v2\/product\/23009","targetHints":{"allow":["GET"]}}],"collection":[{"href":"https:\/\/www.tgmdigital.com\/capacitacion\/wp-json\/wp\/v2\/product"}],"about":[{"href":"https:\/\/www.tgmdigital.com\/capacitacion\/wp-json\/wp\/v2\/types\/product"}],"replies":[{"embeddable":true,"href":"https:\/\/www.tgmdigital.com\/capacitacion\/wp-json\/wp\/v2\/comments?post=23009"}],"wp:featuredmedia":[{"embeddable":true,"href":"https:\/\/www.tgmdigital.com\/capacitacion\/wp-json\/wp\/v2\/media\/22267"}],"wp:attachment":[{"href":"https:\/\/www.tgmdigital.com\/capacitacion\/wp-json\/wp\/v2\/media?parent=23009"}],"wp:term":[{"taxonomy":"product_brand","embeddable":true,"href":"https:\/\/www.tgmdigital.com\/capacitacion\/wp-json\/wp\/v2\/product_brand?post=23009"},{"taxonomy":"product_cat","embeddable":true,"href":"https:\/\/www.tgmdigital.com\/capacitacion\/wp-json\/wp\/v2\/product_cat?post=23009"},{"taxonomy":"product_tag","embeddable":true,"href":"https:\/\/www.tgmdigital.com\/capacitacion\/wp-json\/wp\/v2\/product_tag?post=23009"}],"curies":[{"name":"wp","href":"https:\/\/api.w.org\/{rel}","templated":true}]}}