{"id":22084,"date":"2023-09-01T18:26:10","date_gmt":"2023-09-01T18:26:10","guid":{"rendered":"https:\/\/www.tgmdigital.com\/capacitacion\/?post_type=product&#038;p=22084"},"modified":"2025-04-28T17:04:02","modified_gmt":"2025-04-28T17:04:02","slug":"curso-restaurando-y-preparando-cherry-hills-para-el-2023-us-amateur","status":"publish","type":"product","link":"https:\/\/www.tgmdigital.com\/capacitacion\/product\/curso-restaurando-y-preparando-cherry-hills-para-el-2023-us-amateur\/","title":{"rendered":"M\u00f3dulo 1 &#8211; Introducci\u00f3n al golf"},"content":{"rendered":"<p>&nbsp;<\/p>\n<p>Este curso te guiar\u00e1 a trav\u00e9s de los pasos esenciales para mantener y mejorar tu campo de golf. Aprender\u00e1s a evaluar, planificar y ejecutar restauraciones y preparaciones efectivas. Desde el cuidado del c\u00e9sped hasta la gesti\u00f3n del equipo, obtendr\u00e1s las habilidades necesarias para mantener un campo de golf de primera categor\u00eda<\/p>\n","protected":false},"excerpt":{"rendered":"<p>&nbsp; Este curso te guiar\u00e1 a trav\u00e9s de los pasos esenciales para mantener y mejorar tu campo de golf. Aprender\u00e1s a evaluar, planificar y ejecutar restauraciones y preparaciones efectivas. Desde&hellip;<\/p>\n","protected":false},"featured_media":21540,"comment_status":"open","ping_status":"closed","template":"","meta":[],"product_brand":[],"product_cat":[180],"product_tag":[],"class_list":{"0":"post-22084","1":"product","2":"type-product","3":"status-publish","4":"has-post-thumbnail","6":"product_cat-cursos","8":"first","9":"instock","10":"virtual","11":"sold-individually","12":"taxable","13":"purchasable","14":"product-type-simple"},"_links":{"self":[{"href":"https:\/\/www.tgmdigital.com\/capacitacion\/wp-json\/wp\/v2\/product\/22084","targetHints":{"allow":["GET"]}}],"collection":[{"href":"https:\/\/www.tgmdigital.com\/capacitacion\/wp-json\/wp\/v2\/product"}],"about":[{"href":"https:\/\/www.tgmdigital.com\/capacitacion\/wp-json\/wp\/v2\/types\/product"}],"replies":[{"embeddable":true,"href":"https:\/\/www.tgmdigital.com\/capacitacion\/wp-json\/wp\/v2\/comments?post=22084"}],"wp:featuredmedia":[{"embeddable":true,"href":"https:\/\/www.tgmdigital.com\/capacitacion\/wp-json\/wp\/v2\/media\/21540"}],"wp:attachment":[{"href":"https:\/\/www.tgmdigital.com\/capacitacion\/wp-json\/wp\/v2\/media?parent=22084"}],"wp:term":[{"taxonomy":"product_brand","embeddable":true,"href":"https:\/\/www.tgmdigital.com\/capacitacion\/wp-json\/wp\/v2\/product_brand?post=22084"},{"taxonomy":"product_cat","embeddable":true,"href":"https:\/\/www.tgmdigital.com\/capacitacion\/wp-json\/wp\/v2\/product_cat?post=22084"},{"taxonomy":"product_tag","embeddable":true,"href":"https:\/\/www.tgmdigital.com\/capacitacion\/wp-json\/wp\/v2\/product_tag?post=22084"}],"curies":[{"name":"wp","href":"https:\/\/api.w.org\/{rel}","templated":true}]}}